**3 - 2*k + 3. Let t(u) = -4*u**3 + 3*u - 5. Let s(c) = p*t(c) - 5*q(c). Determine s(1).
3
Suppose -3*m = -q - 40, 5*m - 4*q - 21 = 55. Suppose 4*s - 2*s = 4*l + m, l = s - 2. Let t(z) = -2*z**3 - 2*z**2. What is t(s)?
8
Suppose -14*h + 11*h = -144. Suppose 0*q = -8*q + h. Let u(a) = -a**2 + 6*a + 6. Give u(q).
6
Let r(g) = -g**2 + 9*g - 13. Suppose 5*j = -545 + 580. Determine r(j).
1
Let c be -45*(754/(-39) + 19). Let m(w) = 8*w - 50. What is m(c)?
70
Let q(v) be the third derivative of -v**6/360 - v**5/120 + v**4/24 - 55*v**3/6 - 10*v**2. Let y(j) be the first derivative of q(j). Determine y(-2).
-1
Let s(y) = -9*y**2 - y - 1. Let g(n) = 73*n**3 - n**2 + n - 1. Let o = 58 + -57. Let k be g(o). Let r = k + -73. Calculate s(r).
-9
Let i(v) be the second derivative of -v**3 - 45*v**2/2 - 2316*v. Determine i(-10).
15
Suppose 474*i - 467*i = 21. Let n(f) = -i + 2*f**2 + 9*f + 0*f - 9*f + 0*f**2. Determine n(-3).
15
Suppose 0 = -2*d - d + 3. Let p(i) = 8*i**3 + 3*i + 1. Let u(g) = 25*g**3 + 10*g + 4. Let x(n) = -7*p(n) + 2*u(n). Determine x(d).
-6
Let x(d) = -71258*d - 6*d**2 - 1 - 71253*d + 142513*d. Suppose -2*v + 9 = -5. Suppose -v*w + 4*w = -3. Give x(w).
-5
Let b be (8*-3)/(-4) - 636 - -3. Let k = b - -635. Let t(q) = q**2 - 11*q + 6. Calculate t(k).
-18
Let f(b) = 3*b + 9. Let i(m) = 7*m + 1. Let d(n) = -f(n) + 2*i(n). Determine d(1).
4
Let z(s) = -2*s**3 + 47*s**2 + 27*s - 60. Let t be z(24). Let d(p) = p**3 - 11*p**2 - 18*p + 65. Calculate d(t).
-7
Let d(u) be the third derivative of -u**6/120 + 7*u**5/15 + 7*u**4/3 + 56*u**3/3 - u**2 + 529*u + 2. Determine d(30).
-8
Suppose -5*i + 4*j + 182 = -2*i, 0 = 2*i + 4*j - 88. Let t be (3*6/i)/((-2)/36). Let s(n) = n**3 + 4 + 3*n + 5*n**2 - 8*n - n. Calculate s(t).
4
Let v(n) be the first derivative of 4*n**3/3 + 3*n + 8284. What is v(-2)?
19
Suppose 6*l - 131 = -107. Let v(f) = -f**3 + 5*f**2 - 22*f + 70. Let a be v(l). Let n(c) be the second derivative of -c**3 - 3*c**2/2 + c. Determine n(a).
9
Let x(c) = 12*c - 4*c + 3*c + c**2 - 6*c - 45 - 3*c. Give x(-7).
-10
Let u(y) = -y - 4. Let i(v) = 3*v - 171 + 67 + 11*v. Let t be i(8). What is u(t)?
-12
Suppose -65 = -4*u - 69. Let q(d) = 2*d + 1. Let m(a) = -13*a - 13. Let n(k) = u*m(k) - 5*q(k). Calculate n(-6).
-10
Let g(z) = -5 + 6366*z**2 - 6 + 6367*z**2 - 12734*z**2 + 2*z + 5. Let d = 6 - 4. Give g(d).
-6
Suppose 20 + 47 = -67*u. Let f(m) = -21*m + 5. Determine f(u).
26
Let o(q) = -2 + q**3 - 29*q + 43*q - 3*q**2 - 19*q + q**3. Let u be o(-1). Let r(j) = -j**2 + 3*j + 3. Determine r(u).
-7
Suppose -4*w + 12 = -4*o, 4*w = -w + 3*o + 9. Let r(s) = s - s - 5 - s + w*s. Suppose 3*c - c = -12. Calculate r(c).
1
Let b(g) = 11*g + 1. Suppose 263*a - 259*a = 44. Suppose a = 107*i - 118*i. What is b(i)?
-10
Suppose -2*q + 66 - 22 = 0. Let r = q - 25. Let p(s) = -7*s - 4. Determine p(r).
17
Let h be 2*7*(-10)/(-35). Let o(d) = d - 2. Let l be o(5). Let a(j) = -h*j + 7 + l*j - 2*j + 4*j. Calculate a(-7).
0
Let u(f) be the first derivative of 3/2*f**2 - 7*f + 124. Give u(6).
11
Let a = 108 + -105. Suppose -20 = -a*t - 4*q - 3, -4 = 4*q. Let v(c) = -3 + t + 11 - 2*c. Give v(7).
1
Let d(i) = -2*i + 23. Let u be d(10). Let w(f) = -f + 13. Let l be w(9). Let q(n) = -3*n + 2*n**3 - n**3 + 5 + l*n**2 + 3*n**3 - u*n**3. Give q(-5).
-5
Let n(f) = -f**3 + 10*f**2 + 102*f - 994. Let k be n(11). Let i(t) = -t**2 + 14*t - 56. What is i(k)?
-7
Let m(d) be the first derivative of d**3/3 - 17*d**2/2 + 18*d + 1782. Calculate m(8).
-54
Let p be 8/((-64)/(-56)) - (4 + -2). Suppose -4*c = -2*c + 4*k + 4, -2*k - 14 = -p*c. Let z(d) = -4*d + 3. What is z(c)?
-5
Let p(q) be the first derivative of -q**4/4 + q**3 + 9*q**2/2 - 13*q + 1458. Determine p(4).
7
Let c(y) = 3*y**3 - y**2 - 3. Let r = -4664 - -4662. What is c(r)?
-31
Let m = -6 + 9. Let l(v) = -156 + 0*v + 2*v + 301 + 2*v**2 - 142. Determine l(m).
27
Suppose 2*j - 5*j = 18. Let l(i) = 573*i + 15. Let h(p) = 687*p + 14. Let s(z) = 5*h(z) - 6*l(z). Determine s(j).
-2
Let p(f) = 19*f + 907. Let i be p(-47). Let w(q) = -3*q + 41. Give w(i).
-1
Let k(q) be the third derivative of 2*q**2 + 0 - 1/3*q**3 - 1/120*q**6 - 35*q + 1/8*q**4 - 1/12*q**5. What is k(-5)?
-17
Suppose -9*r - 250 = -916. Let i = 77 - r. Let w(g) be the first derivative of g**4/4 - g**3 + 2*g**2 - 1. Calculate w(i).
12
Suppose 2 = j - 2*l, 14 = 4*j + 2*l + 46. Let h(s) = s**2 + 7*s - 7. Calculate h(j).
-13
Let q(s) = 2*s**3 - 24*s**2 + 27. Let v(o) = o**3 - 13*o**2 + 13. Let i(u) = 3*q(u) - 5*v(u). Calculate i(7).
16
Let v(f) = -45*f**3 - 1 + 2 - 183*f + 190*f + 1. Let h(y) = 23*y**3 - 4*y - 1. Let a(u) = -11*h(u) - 6*v(u). Give a(1).
18
Let o = 75 + -75. Suppose c - 2*z + 2 = 4, o = 5*c + 3*z - 62. Suppose 4*r - c*r = -24. Let w(y) = -2*y - 4. Calculate w(r).
-12
Let q = 57 - 21. Let n = q + -32. Let f(w) = -3*w + 2 - 3 + n*w - 1. Give f(1).
-1
Suppose 0 = -2*b - 11 + 3. Let s(h) = -13*h**2 + h - 235. Let m(g) = -24*g**2 + 2*g - 436. Let o(v) = 7*m(v) - 13*s(v). What is o(b)?
15
Suppose -5*r + 6 + 9 = 0. Let o(t) = -2 - t**2 - 2*t**2 - 2 - r*t**3 + 2*t**3. Let y = -738 - -735. Determine o(y).
-4
Let x(v) = 2*v + 5. Let z be 1*4*(183/140 + 562/(-9835)). Determine x(z).
15
Let w(d) = 2*d**2 - 3*d. Let v = 288 + -286. Let j(h) = -2*h**2 - h. Let z(y) = v*j(y) - w(y). Determine z(-1).
-7
Let p(c) be the second derivative of 1/6*c**3 + 1/2*c**2 - 1/12*c**4 - 1/20*c**5 + 2 - 27*c. Determine p(-2).
3
Let y = 291 - 289. Let c(g) = 146 - 11*g**3 + 145 - g**y - g - 290. Let f = 3 + -2. Calculate c(f).
-12
Let r(p) = 2*p - 17. Let u(z) = -z + 8. Let s(f) = 6*r(f) + 13*u(f). Let i be (-3)/(-21) + (-65)/(-35). Suppose -8 = -2*h + i. Calculate s(h).
-3
Let g(i) = 2*i**2 + 12*i - 9. Let t(r) = -r**2 - r + 1. Let k be (-1)/4*132/11. Let u(a) = k*t(a) - g(a). Determine u(6).
-12
Let h(d) be the first derivative of d**2/2 + d + 10. Let l(z) = z**3 + 8*z**2 + 6*z + 15. Let q be l(-7). Let x = q - 21. What is h(x)?
2
Let m = 5953 - 5964. Let n(k) = k**3 + 9*k**2 - 21*k + 23. Determine n(m).
12
Let k(m) = -10*m - 1. Let t = 47 + -43. Suppose t*j - 7 = -15. Let r(v) = -3*v - 7. Let n be r(j). Determine k(n).
9
Let r(n) = -n + 4. Let q(v) = -4*v + 12. Suppose -15*t - 66 - 54 = 0. Let k be (-20)/t*12/(-15). Let m(z) = k*q(z) + 7*r(z). Give m(-7).
-3
Let g(j) = j**3 - j**2 - 1. Suppose -35*d + 537 = -32*d. Let i = -178 + d. Calculate g(i).
-1
Let q(w) = -10*w**2 + 2*w. Let o = -78 + 91. Suppose -2*k = 11 - o. Let r be q(k). Let j(s) = -s**3 - 9*s**2 - 8*s - 5. Give j(r).
-5
Let g(z) = 756*z + 688 - 771*z - 660. What is g(6)?
-62
Let t(f) be the third derivative of -f**5/60 - f**4/2 - 11*f**3/2 + 839*f**2 + 2*f. What is t(-7)?
2
Suppose -2*l + 53*k = 55*k - 18, -4*k = -5*l + 18. Let n(i) = -3*i**2 - 5*i - 23. Give n(l).
-161
Let k(q) = -43967 + 0*q**2 + 2*q + 43965 + q**2. Give k(-4).
6
Let w(m) be the third derivative of m**6/60 - m**5/60 - m**4/24 - m**3/3 - m**2 - 9524*m - 1. Let l = 1 + 1. Give w(l).
8
Let p(f) = 7*f**2 - 12*f + 71. Let y(w) = -3*w**2 + 7*w + 41. Let j(x) = -4*x**2 + 9*x + 42. Let s(z) = -6*j(z) + 7*y(z). Let c(o) = 2*p(o) - 5*s(o). Give c(0).
-33
Let q(o) be the first derivative of -7*o**2/2 - 7*o + 413. Calculate q(3).
-28
Let m = -33561 + 33561. Let g(j) be the second derivative of 1/6*j**3 - 32*j + m + 1/2*j**2. Calculate g(-10).
-9
Suppose g + 3*p + 87 = 100, -5*p = 4*g - 38. Let j be -3 - (2/(5 - g) + 3). Let c(n) = n**3 + 5*n**2 - 3*n + 1. What is c(j)?
16
Let j(t) = 128 - 86 - 103*t + 198*t - 98*t. Determine j(12).
6
Suppose -6*l = -2*l + 16. Let t(x) = 3*x - 2. Let s(c) = -13*c + 8. Let v be -2 + 10 + -4 - 8. Let d(b) = v*t(b) - s(b). Give d(l).
-4
Let n = 67 + -64. Suppose 3*u = 3*z + n, z = -3*u + 11 - 0. Let v(y) = -10 - 3*y**2 + y**3 - 8*y**2 + 12 - 3*y + 8*y**z. Determine v(4).
6
Let n(a) = 9*a**2 + 11*a + 7. Let w(s) = 25*s**2 + 31*s + 20. Let r(h) = 19*h - 99. Let g be r(5). Let c(j) = g*w(j) + 11*n(j). Determine c(-2).
-1
Let i = -110957 - -110952. Let v(a) = 0*a - 6*a + 1 + 0*a**2 - a**2. Calculate v(i).
6
Let c(w) be the third derivative of 3*w**4/8 - w**3/2 + w**2 + 2*w + 123. Suppose 4*b + 3*g = g + 14, 17 = 4*b + 5*g. Calculate c(b).
24
Let c(g) be the first derivative of 33*g**2/2 + 13*g + 6. Let z(j) = -3 - 6*j - 2*j + 0*j + 0*j. Let 